-4*t - t. Suppose 5*z + t - 128 = 0. What is the remainder when l is divided by z?
20
Let s(v) = v**2 - 17*v + 3. Let w be s(0). Suppose -z = -w*z + 1212. What is the remainder when z is divided by 21?
18
Suppose 15*q - 19*q + 942 = -5*f, -q = -3. Let h = -167 - f. What is the remainder when 51 is divided by h?
13
Let i be (1 - 2*-1) + 1. Let n = 14352 - 14224. Suppose -i*u - 4*r + 40 = -n, 2*u - 91 = 5*r. Calculate the remainder when u is divided by 22.
21
Suppose 0 = -2*g + 1634 - 918. Calculate the remainder when g is divided by 72.
70
Let x(w) = 3*w - 8. Let q(l) = 16*l - 40. Let b(g) = -2*q(g) + 11*x(g). Let u be b(0). Calculate the remainder when 37 is divided by (u + 10)*(6 + -2).
5
Let s = 17641 + -8256. What is the remainder when s is divided by 13?
12
Let g be (-150)/1125 - 163/15. Calculate the remainder when -5 - (-11 - g) - (-117 - -2) is divided by 61.
49
Suppose 208*f - 280*f = -20160. What is the remainder when 1076 is divided by f?
236
Let r be 38/3 + 2*(-1)/(-6). Suppose 19*j - r*j = -174. Let y = 101 + j. What is the remainder when y is divided by 38?
34
Let d(w) = 2*w**2 - 22*w - 68. Calculate the remainder when (-4)/(-6) + 6*6130/180 is divided by d(14).
13
Let w be (-72)/48*728/6. Suppose -5*f = -1 + 56. Calculate the remainder when 50 is divided by (-3304)/w + f/(-13) + -1.
14
Let g be ((-5)/10)/((-2)/(-16)). Let x be 18/4*(112/24 + g). Suppose -3*i - 6 = -6*i, 4*j - 54 = -x*i. Calculate the remainder when j is divided by 8.
4
Let d(n) = 90*n - 477. Calculate the remainder when 241 is divided by d(6).
52
Let y = -27201 + 29237. Calculate the remainder when y is divided by 1017.
2
Let r = 696 - 411. Suppose -2*v = 2*b - 242, -2*v - r = -5*b + 320. Suppose 0 = 3*h + 15, 3*h + h - b = -a. What is the remainder when a is divided by 9?
6
Calculate the remainder when 1310 is divided by (0/(-2) - -3)/(49/7105).
5
Suppose 0 = i - 16 - 6. Let f be 2 + (2 - (-18)/(-12))*2. Suppose 5*z - f*z = i. Calculate the remainder when 41 is divided by z.
8
Let t(z) = -z**2 - 82*z + 1820. What is the remainder when 166 is divided by t(-99)?
29
What is the remainder when (-21170)/(-12) - (-300)/360 is divided by 68?
65
Let p(y) = 4*y + 39. Let i(s) = -9*s - 79. Let v(n) = 6*i(n) + 14*p(n). What is the remainder when 124 is divided by v(-29)?
12
Let r = 30059 - 11384. What is the remainder when r is divided by 11?
8
Let f be 1/(-4)*68 + 3. Let t = 4 - 6. Let h = t - f. Calculate the remainder when h is divided by 5.
2
Calculate the remainder when (-2)/2 - 315/(-7) is divided by 3*(-2)/9 - (-17)/3.
4
Suppose -11*n - 52*n + 1323 = 0. What is the remainder when 2225 is divided by n?
20
Suppose 13200 = -32*j + 20*j. Calculate the remainder when j/(-8) - (-11)/(-22) is divided by 43.
8
What is the remainder when 542 is divided by 5 + 21*(-48)/(-12)?
8
Suppose 12651 = 53*c - 9609. Let g = c + -256. What is the remainder when g is divided by 14?
10
Let z = 74 + -15. Let m = -10104 + 10128. Calculate the remainder when z is divided by m.
11
Suppose -s - 5 = 0, 0*i + i - 39 = -s. Let p = 323 + -306. What is the remainder when i is divided by p?
10
Suppose 3*t = -17 + 11. Calculate the remainder when (67 - -5) + (-6)/t is divided by 22.
9
Suppose 9 = 2*w - 41. What is the remainder when 124*1 + (-6 - -13)/(-7) is divided by w?
23
Suppose 0 = 2*z + 4*r - 256, -8*z + 5*z + 374 = r. Suppose 0 = -k - 4*v + z, 5*k + v - 661 - 54 = 0. Calculate the remainder when k is divided by 50.
44
Let l = 733 + -174. Calculate the remainder when l is divided by 144.
127
Suppose -14551 = -295*z + 4319 - 1760. What is the remainder when 4001 is divided by z?
57
Suppose -4*w - 664 = 3*p - 5*p, -5*w = -3*p + 992. Suppose 4 = -4*i, 5*i + p = 5*l + 89. What is the remainder when 227 is divided by l?
43
Let d = 21484 + -20831. Calculate the remainder when d is divided by 224.
205
Suppose 33*a + 49421 = 56879. Calculate the remainder when 719 is divided by a.
41
Let o be -2 + 0 + (-52)/(-2). Suppose -u + 5*n - 5 = 0, 29 = -3*u - 0*n + n. Let w = u + o. What is the remainder when 67 is divided by w?
11
Let s = -98 + 98. Suppose -10*i + 5*i + 10 = s. Suppose -2*j - 263 = -5*j - i*y, -4*y + 4 = 0. What is the remainder when j is divided by 24?
15
Let n(c) = -7*c**3 + 26*c**2 + 3*c + 2. What is the remainder when n(-7) is divided by 61?
57
Let x = 262 - 238. Calculate the remainder when 76 is divided by (x/6 - -35)*1.
37
Suppose -3*p + 0*z + 126 = 5*z, -5*p + 4*z = -210. Let d = 59 - p. Calculate the remainder when 134 is divided by d.
15
Let j = -924 - -1635. Suppose -20*t + 19*t + 23 = 0. What is the remainder when j is divided by t?
21
Calculate the remainder when 78 is divided by (-29)/3*18/(2 - 8).
20
Let o(i) = 159*i**2 + 57*i + 62. Calculate the remainder when o(6) is divided by 219.
215
Suppose -160*x = -93*x - 201. What is the remainder when 57 is divided by x?
0
Let w be 5 - (11 - 1) - 146. What is the remainder when -2*(-4)/((-8)/w) is divided by 53?
45
Suppose 0 = p + 935*x - 933*x - 85, -2*p + 145 = -x. Calculate the remainder when 147 is divided by p.
72
Let f = -30724 - -31730. What is the remainder when f is divided by 268?
202
Suppose -6*h + 16 = -2*h, 0 = b - 5*h - 4. Suppose -201*q - b = -205*q. Calculate the remainder when 93 is divided by q.
3
Let t(u) = u**3 - 14*u + 35. What is the remainder when 151 is divided by t(3)?
11
Let a be (-21)/(6/(10/(-5))). Suppose -3*k = -p + 14, -5*k = -5*p - a*k + 2. Suppose 12 - 106 = -p*t. What is the remainder when t is divided by 5?
2
Suppose -31*v + 5896 = -42*v. Let k = v - -584. What is the remainder when k is divided by 12?
0
Suppose d = 5*r - 1364, -r + 502*d = 498*d - 307. What is the remainder when 840 is divided by r?
27
Suppose 0 = -n + t + 8, -2 = -5*n - 3*t + 14. Suppose n*a + 5 = 10, -a + 241 = 5*u. Suppose -11*q = -9*q - 280. Calculate the remainder when q is divided by u.
44
Let s = -28 + 29. Suppose 15 = 4*l - s. What is the remainder when (3 + (-49)/28)/((-1)/(-12)) is divided by l?
3
Suppose -f = 3*k - 354, -28*k + f = -24*k - 472. What is the remainder when 228 is divided by k?
110
Let u = 10052 + -9962. What is the remainder when 301 is divided by u?
31
Let f = -595 + 597. Suppose 3*l - 3*m - 45 = -0*m, -66 = -5*l + f*m. What is the remainder when 20 is divided by l?
8
Let t be -1*(-5388)/42 + 8/(-28). Let n = t + 58. What is the remainder when n is divided by 64?
58
Let f = -28 + 32. Suppose f*x = 4, -49 = 5*o + x + 25. Calculate the remainder when 2/(-15) + (-47)/o is divided by 2.
1
What is the remainder when (27/((-108)/(-40)) - 11) + 26 is divided by (5 - -1)/((-9)/(-24))?
9
Let u = 1800 + -1783. What is the remainder when 6084 is divided by u?
15
Calculate the remainder when 126 is divided by 9*(-352)/(-594)*(-3)/(-2).
6
Let v(x) = 53*x**2 + 1. Calculate the remainder when v(-1) is divided by 5356/206 + -14 + -1.
10
Suppose 2430 + 11675 = 91*m. Calculate the remainder when m is divided by 40.
35
Let w = -20234 + 20344. Suppose -a = -4*a + 93. Calculate the remainder when w is divided by a.
17
Let l(p) = -3*p - 32. Let a(f) = 82*f - 6. Let x be a(-1). Let h = x + 76. Calculate the remainder when 24 is divided by l(h).
0
Let a(z) = z**2 - 2*z + 4. Suppose -113*x - 4167 = -122*x. Let f = x + -350. Calculate the remainder when f is divided by a(-3).
18
Suppose -24*t + 17*t + 4*t + 105 = 0. Calculate the remainder when 874 is divided by t.
34
Let z(x) = -15*x**2 + 333*x + 3. Let j = 36 - 26. Calculate the remainder when z(22) is divided by j.
9
Let a = 188 + -110. Let y = 195 - a. Calculate the remainder when y is divided by (50/(-15))/(4/(-18)).
12
Let s(c) = -c - 1. Let j(i) = 24*i + 8. Let z(t) = j(t) + 3*s(t). Let y be z(-3). Let f = y - -82. Calculate the remainder when 70 is divided by f.
22
Suppose -19*z = -12*z - 2569. Let t = z - 237. What is the remainder when t is divided by 19?
16
Let o = -797 + 975. Calculate the remainder when o is divided by 165/(-35) - -5 - (-192)/14.
10
Let z(x) be the third derivative of x**5/20 + 2*x**4/3 + 47*x**3/6 - 20*x**2 + 3*x. What is the remainder when 1145 is divided by z(-4)?
29
Suppose 2*o = 3*o - 2, 5*w + o - 112 = 0. Let a(f) = -21 - 5 - 19 + 2 - 5*f. What is the remainder when w is divided by a(-11)?
10
Suppose 14*r - 999 = -13*r. Calculate the remaind